). Determine p(4).
-5
Let q = 401 - 410. Let c(w) = -w**2 - 7*w + 12. Calculate c(q).
-6
Let s(h) = -h**3 - 4*h**2 + 3*h - 8. Let c be 153/(-27) + (-4)/(-6). Let i be s(c). Let w(n) = -2*n**3 + n**i + 2*n**3 + 3*n - 4*n + 4*n**3. Give w(1).
4
Let r(c) = c**2 - 4*c - 2. Let o be r(4). Let b be (1 - 0)*(-1 + 4). Let d(z) = 1 + 3*z - b - 3*z**2 - 4*z - 2*z**3. Determine d(o).
4
Let d(y) = -93083*y**2 - 3 + 4 + 93089*y**2. Suppose 4*k - 3 = 1. Give d(k).
7
Let j(q) = -4*q**2 - 3*q**2 + 3*q**3 - q**3 + 5*q + 9. Let f(m) = m**3 - 4*m**2 + 3*m + 5. Let k(z) = 7*f(z) - 4*j(z). Give k(0).
-1
Let u(j) = -j + 5. Let t be -6*(4 - (-56)/(-12)). Determine u(t).
1
Let z(n) = 9*n + 82. Let u(r) = 3*r + 28. Let m(j) = 7*u(j) - 2*z(j). Calculate m(-8).
8
Suppose 5*m + 4*i - 12 = 2*i, 2*m - 3*i - 1 = 0. Let f(t) = -m*t - 5*t - 4*t**2 + t + 2 + t**3 + 3*t. Calculate f(3).
-16
Let i(w) = -w**3 + 11*w**2 - 8*w - 8. Suppose 2*x = 5*x + 6, 5*q - 44 = -3*x. What is i(q)?
12
Let r(w) = w - 3. Suppose 32 = 2*l - 2*p, 4*p - 19 = 5*l - 99. Let k(t) = -t**3 + 15*t**2 + 16*t + 5. Let o be k(l). Calculate r(o).
2
Suppose 5*z - r + 41 = 0, z + 5 = -5*r + 2. Let h be (-3)/1*(z - -7). Suppose -h*g = 3*g - 6. Let d(n) = -8*n**2 + 2*n - 1. What is d(g)?
-7
Suppose -7*g + 2*g = -45. Let z be (-3)/g*(2 + -2). Let x(f) = -3*f + z*f**2 + 4 - 1 - 1 - f**2. Give x(-5).
-8
Let k(m) = -2*m - 15. Let g be k(-6). Let y(h) = h + h - 4 + 0*h. Determine y(g).
-10
Let f(n) = -n - 2. Let i be 36 + 1/1*(5 + -5). Let y be ((90/(-4))/(-5))/(27/i). Determine f(y).
-8
Let s(j) be the third derivative of -j**5/60 + j**4/24 + j**3/6 + 14*j**2. Let q(c) = c**3 - 7*c**2 + 6*c - 7. Let r(d) = -q(d) - 3*s(d). What is r(9)?
4
Let t = 3 + 2. Suppose 6*w = -t*m + 2*w + 31, -w + 7 = m. Suppose -i = -2 + m. Let f(c) = -4*c**2 - c - 1. Give f(i).
-4
Suppose 0 = 5*z + 2*i + 10, -5*i = 2*z - i + 4. Let g(x) = -14*x - 7. Calculate g(z).
21
Let r(k) be the second derivative of 0 + 0*k**2 + 24*k + 5/3*k**3. What is r(-1)?
-10
Let n(h) = h**2 - h + 1. Let b(d) = 5*d**2 + d. Let r(w) = -b(w) + 2*n(w). Calculate r(2).
-16
Let i(x) = 9*x - 6 - 7*x - 12*x + 8*x. Determine i(-10).
14
Let u(j) = -2*j**2 + 19*j - 9. Let p = 41 - 50. Let h(v) = -v**2 + 9*v - 4. Let b(s) = p*h(s) + 4*u(s). Give b(4).
-4
Let l(p) = 2*p**2 - 12*p - 6. Suppose 5*d + n = 30, 24 = 4*d - 8*n + 9*n. Determine l(d).
-6
Let a = 2 + -6. Suppose -8 + 2 = -2*x. Let s be x + (-2)/(a/(-18)). Let r(y) = -y**2 - 4*y - 1. Determine r(s).
-13
Let f(j) = -4*j**3 + 3*j**2 + 13*j + 10. Let t(r) = 5*r**3 - 2*r**2 - 15*r - 11. Let z(p) = 4*f(p) + 3*t(p). What is z(7)?
7
Let x = 20 + -18. Suppose x*d - 30 = -0*d. Let b(q) = q + 0*q**3 - 17 + d + 2*q**3 - 3*q**3. What is b(0)?
-2
Let n(h) = h**2 + 3*h. Suppose 14 = -5*i - 2*i. What is n(i)?
-2
Let y(w) = 4*w + 6. Let p = -75 - -80. Give y(p).
26
Let i(t) be the first derivative of t**3/3 - 3*t**2 - 2*t + 19. Determine i(7).
5
Let r(b) = -b**2 - 2*b - 1. Let c(a) = 30*a**2 + 12*a + 8. Let v(w) = c(w) + 5*r(w). What is v(-1)?
26
Let u(d) = 4*d**3 + 2*d**2 - 8*d + 12. Let s(i) = -3*i**3 - 3*i**2 + 8*i - 11. Let z(m) = 5*s(m) + 4*u(m). Give z(6).
5
Let l be 1586/(-30) + 2/(-15). Let y = 50 + l. Let h(s) = -s**2 + 3*s - 1. Calculate h(y).
-19
Let a(r) = -12*r**3 + 3*r**2 + 6*r + 2. Let j(k) = 5*k**3 - 2*k**2 - 3*k - 1. Let t(g) = 2*a(g) + 5*j(g). Give t(4).
-13
Let l(m) be the second derivative of m**3/6 - 5*m**2 - 37*m. Give l(9).
-1
Let d(x) be the second derivative of x**5/20 + 2*x**4/3 + 5*x**3/6 - 5*x**2 + 39*x. Determine d(-7).
4
Let a(l) = l**3 - 6*l**2 - 3*l + 5. Let x(n) = 2*n**3 - 10*n**2 - 5*n + 9. Let s(t) = 5*a(t) - 3*x(t). Determine s(3).
-29
Let y = 100 - 60. Let s = 46 - y. Let g(b) = 3*b + 3 + 0*b - 6*b. Calculate g(s).
-15
Let d(t) = 3*t**2 - 110*t - 220. Let k be d(-2). Let j(c) = 3*c - 32. What is j(k)?
4
Let a(s) = -13 - 13 - 23*s**3 + 30 + 2*s**2. Let g(n) = -1. Let d(c) = a(c) + 5*g(c). Determine d(-1).
24
Let v = -11 - -13. Let q be (12/(-18))/(v/(-18)). Let f(o) = o**3 - 6*o**2 + 2*o - 10. Let x be f(q). Let k(r) = -r**3 + r + 2. Determine k(x).
-4
Suppose 6 = -2*x + 5*j, 4*x + j - 11 = -1. Let t(z) = -4*z**3 + z**2 + 2*z + 1. Determine t(x).
-23
Let t(y) be the third derivative of 0*y - 1/4*y**4 - 7*y**2 - 1/3*y**3 + 0 + 1/60*y**5. What is t(6)?
-2
Let o be 10/4*(8 - 6). Let a(t) = t**2 - 5*t - 5. Give a(o).
-5
Suppose 7*y - 8 - 34 = 0. Suppose -y*z = -3*z. Let p(v) = -v + 11. Calculate p(z).
11
Suppose 60*a - 20 = 62*a. Let y(m) = 2*m + 14. What is y(a)?
-6
Let i(p) = -3*p + 7 - 4*p + 4*p + 2*p. Let k be 1/(-4) - ((-87)/(-4))/(-3). Give i(k).
0
Let m(p) be the second derivative of -p**5/10 + 5*p**4/4 + 4*p**3/3 - 4*p**2 + 25*p + 18. Calculate m(8).
-8
Let p be (-5)/(-2)*138/(-115). Let n(m) be the first derivative of -m**2/2 + 2*m - 1. Give n(p).
5
Let t(k) = -2317*k + 1 + 2318*k + 7. Calculate t(-4).
4
Let q(t) = 3*t**2 - t - 1. Let p be 204 - -3*(-2)/(-6). Suppose 0 = -9*x + 101 + p. Let v = x + -35. Give q(v).
3
Suppose 106*j = 96*j + 30. Let l(c) = 5*c + 4 - 3*c + 3*c**3 - 4*c**3. What is l(j)?
-17
Let x = 74 - 71. Let y(v) = -3*v - x - 5*v**2 + 3*v**2 + 5 + v**2. What is y(-2)?
4
Suppose -k = d + 11, 2*d - 3*d - 7 = -k. Let f(i) = -i**2 - 8*i - 7. Determine f(d).
-16
Let t(s) = -15*s - 3. Let n(v) = -7*v - 1. Suppose 2*f - 8 = 0, -i - 6*f + 2*f = -18. Let x(w) = i*t(w) - 5*n(w). What is x(-1)?
-6
Let m(d) = d**2 + 5*d - 2. Suppose 0 = 5*w - 15, 3*z + w + 6 = 5*w. Suppose 0 = 3*q + 2*u + 22, -2*q - z*u + 6 = -6*q. Determine m(q).
-6
Let m(a) be the third derivative of a**6/60 - a**5/60 + a**4/24 + 110*a**2. What is m(1)?
2
Let m be (-2)/(-8)*-10 + 15/6. Let a(d) be the third derivative of 0 + 1/3*d**4 + m*d + 2/15*d**5 + d**3 + 1/120*d**6 + 7*d**2. Give a(-7).
-1
Let n(h) = 2*h**2 + 4*h + 2. Let j be n(-2). Suppose -5*q + 29 = -i, q + 17 = j*q - 3*i. Let t(l) = -l**2 + 6*l - 1. Calculate t(q).
4
Let o(l) = 3*l**3 - 2*l**2 + 2*l. Suppose 5*v = 10*v - 5*w - 10, 5*w + 8 = 4*v. Determine o(v).
20
Suppose -3*n = -5*z - 44, -6*z - 12 = -3*z. Let c(x) = -22*x + 4 + 2 + 21*x. Calculate c(n).
-2
Let x(h) = -h**3 + 6*h**2 + h - 8. Suppose 5*j = 2*f - 16, -4*f = -4*j - 27 + 7. Let y be 5/(((-13)/(-6))/(-1) + f). What is x(y)?
-2
Let s = -43 - -57. Let h(g) = -12 - g + s + 4*g. What is h(-3)?
-7
Suppose 0 = d - 6*d + 20. Suppose -d*x = 2*u - 2, -3*u - 3*x - 2 = -5*u. Let l(q) = 6*q**3 + 1. Determine l(u).
7
Suppose -4*g - 20 = g. Let r be ((-2)/g)/((-7)/(-56)). Let w(q) be the first derivative of q**3/3 - 3*q**2/2 - 5*q + 30. What is w(r)?
-1
Let u(s) be the second derivative of -1/5*s**5 - 28*s + 1/3*s**3 + 1/12*s**4 + 0 + 1/2*s**2. Determine u(-1).
4
Let m(z) be the third derivative of -z**4/6 + 2*z**2. Suppose -4*p + b = -323, 0 = 2*p + 4*b + 53 - 201. Let l be ((-5)/(p/12))/((-21)/56). Calculate m(l).
-8
Let b(o) be the first derivative of 1/4*o**4 - 5/2*o**2 - 30 + 4/3*o**3 - 3*o. Calculate b(-5).
-3
Let a(y) = -y**2 + y + 1. Let o(x) = 5*x**2 + 2*x + 1. Let l(n) = -6*n**2 - 3*n. Let z = 14 - 7. Let f(v) = z*o(v) + 6*l(v). Let p be f(-5). Determine a(p).
-1
Let b(t) = 22*t**2 + 8*t - 2. Let k(q) = -19*q**2 - 8*q + 1. Let p(i) = -6*b(i) - 7*k(i). Calculate p(-8).
5
Let v(m) = m + 3. Let b be ((-2)/1)/((-22)/(-121)). What is v(b)?
-8
Let v(b) = -b**2 + 9*b + 4. Let t be 24/(-44)*(-1848)/126. Calculate v(t).
12
Let q(n) = -n**3 - 6*n**2 + 8*n + 6. Suppose -4*v + 7 = f, 4*v - 3*f = 2*v + 7. Let o = v - 9. Give q(o).
-1
Let a = -29 - -30. Let d be -1*(8 - (5 - a)). Let k(r) = -r**2 - 1. Let c(h) = h**3 - 2*h**2 - 3*h - 3. Let y(s) = c(s) - 5*k(s). What is y(d)?
-2
Let h(g) = 23*g + 68. Let x(b) = -17*b - 45. Let p(a) = 5*h(a) + 7*x(a). What is p(7)?
-3
Let n(h) be the second derivative of h**3/6 - 7*h**2/2 + 4*h. Let l be n(10). Let p(c) = c - c**l + 2*c - 2*c - 2*c + c**2 + 4. Give p(0).
4
Let a be 24 - (7 + -4 + -3). Suppose -32*i = -28*i - a. Let f(y) = -y**3 + 5*y**2 + 4*y + 1. Determine f(i).
-11
Let h(s) be the first derivative of s**3/3 - 5*s**2 + 19*s - 6. Let c be h(8). Let t(b) = -20*b**2 - 4 + 23*b**2 - b**c - b + 2*b**3. Give t(-3).
-1
Suppose -6*j + 8*j = 12. Let q(m) = -j*m + 13*m + 2 - 3*m. Give q(-2).
-6
Let r = 16 + -9. Let y(d) = 13*d + 1. Let x(t) = -22*t - 10. Let l(i) = 14*i + 